65 = 0. Does 23 divide r?
False
Let y be 354/9 - 4/(-6). Let h = 5 + y. Is 21 a factor of h?
False
Let u(a) = a**3 - 11*a**2 - 2*a + 14. Let l be u(11). Let j = 0 - l. Does 7 divide j?
False
Is 11/33 + 538/6 a multiple of 30?
True
Let b = 9 + -8. Let d be 4 - 0 - (-1)/b. Suppose 15 = -d*k + 40. Does 5 divide k?
True
Let q(b) = 14*b - 4. Let k be q(3). Suppose w = 4*w - 12. Does 19 divide (w - 2)*k/4?
True
Does 21 divide (3 - (7 - 3)) + 34?
False
Suppose 5*z - 2 + 7 = 0. Let w = 26 + -15. Let a = w + z. Is a a multiple of 10?
True
Let u(f) = -2*f**3 - 3*f + 4. Is u(-3) a multiple of 19?
False
Let a(t) = 5*t**3 - t**2 - 7*t + 5. Let i(o) = 15*o**3 - 3*o**2 - 20*o + 14. Let c(p) = -17*a(p) + 6*i(p). Does 11 divide c(2)?
True
Is (-7*(2 + -1))/((-49)/3038) a multiple of 14?
True
Let d = -10 - -32. Let v = -85 - -122. Let q = v - d. Is q a multiple of 7?
False
Suppose -3*y = l + 23, y = -4*l - 2 - 2. Let p(v) = 4*v**2 + 5*v**2 + 8*v + 6 + 2*v**3 - v**3. Is 3 a factor of p(y)?
True
Does 4 divide (-18)/3*8/(-12)?
True
Does 18 divide 145/4 - (-13)/(-52)?
True
Let v(s) = -3*s**2 + s + 2. Let z be v(2). Let r(n) = -n + 7. Let j be r(z). Let l = j + -8. Is 7 a factor of l?
True
Let b(n) = -7*n + 1. Let s be b(-6). Let y = 62 - 57. Let t = s - y. Is t a multiple of 14?
False
Suppose 0 = -3*c + 3. Suppose -t + 1 = -c. Suppose -t*p + j = -30, -p = 2*p + 3*j - 54. Is 8 a factor of p?
True
Let l(f) = f**2 - 2*f + 19. Is 14 a factor of l(16)?
False
Let m(q) = -5*q**2 + 5*q + 2. Let c(d) = 6*d**2 - 5*d - 2. Let f(a) = -4*c(a) - 5*m(a). Is f(6) a multiple of 4?
True
Let g(p) = -p**2 + 5 - 1 + 5*p - 2. Is g(4) even?
True
Let l(n) = -8*n**2 + 3*n. Let h(r) = 3*r**2 - r. Let i(s) = 11*h(s) + 4*l(s). Does 10 divide i(4)?
True
Suppose x = -3*m + 2, -4*m + 0 + 16 = 4*x. Suppose -o + 7 + x = 0. Is 18 a factor of 54/8*64/o?
True
Suppose -m + 8*b + 103 = 5*b, -4*m + 5*b + 433 = 0. Is 56 a factor of m?
True
Suppose -1 = -2*z + 17. Let o = z + 10. Is o a multiple of 14?
False
Suppose 52 = -4*p + 196. Is p a multiple of 9?
True
Let z(t) be the third derivative of 7*t**3 - 1/24*t**4 + t**2 + 0*t + 0. Is 14 a factor of z(0)?
True
Let b(p) = -2*p + 3. Let k = 0 + 5. Suppose -k*u + 6*u = -3. Is 4 a factor of b(u)?
False
Let z = -149 - -263. Is z a multiple of 18?
False
Let z(w) = -w**3 + w**2 + 1. Let f be z(2). Let m = f - -6. Is m even?
False
Let t(b) be the third derivative of b**5/30 + b**4/8 - b**3 + 2*b**2. Does 24 divide t(-6)?
True
Let w = 904 + -635. Suppose 0 = 4*k - 171 - w. Does 28 divide k?
False
Suppose -2*r + 5*r - 108 = 0. Suppose -5*j - n = -70, n + 11 - r = -2*j. Is j a multiple of 15?
True
Let a(x) = 2*x - 3. Let c be a(2). Suppose 2*m - o = 3*m - c, 5*m - 2 = -2*o. Does 3 divide (-3 + 1 - m) + 13?
False
Suppose 5*z + 4*f - 41 = 0, 4*z = z - 3*f + 24. Let h = z - 3. Is h a multiple of 6?
True
Is (-536)/(-30) + (-6)/(-45) a multiple of 4?
False
Let r(t) = -4*t - 5. Suppose 2*b = -2*b - 4. Let s be 2 + b - 4 - 1. Is r(s) a multiple of 8?
False
Let a(n) = 12*n**2 - n + 1. Let c be a(3). Suppose -2*l = 4*z + z - c, 5*z + 3*l - 104 = 0. Is z a multiple of 16?
False
Let v be 0 + (-2)/((-4)/6). Suppose 0*k - 36 = -v*q - 3*k, -3*q = -k - 20. Does 8 divide q?
True
Suppose -3*k - 233 = -l + 9, -4*k - 3*l - 314 = 0. Is 20 a factor of (k/(-6))/(1/3)?
True
Let d(o) = -o**2 + o - 2. Let v be d(-2). Is 4 a factor of 2*(-1)/(-1) - v?
False
Let t = 7 - -21. Suppose 0*r + 2*r - t = 4*n, -5*r = 5*n + 5. Does 4 divide r?
True
Suppose -j - 7 = -2. Let p(l) = -5 + 3*l**2 - 6*l**2 - 7*l + 2*l**2. Does 2 divide p(j)?
False
Let v(w) = 54*w**3 + w**2 - w + 1. Let d be 2 - 0 - (2 + -1). Let a be v(d). Suppose 0 = 4*b - 9*b + a. Does 11 divide b?
True
Let t be (-66)/(-4)*(-8)/4. Let i = 82 + t. Is i a multiple of 15?
False
Is (0 - 2/7) + 7722/77 a multiple of 32?
False
Suppose n - 2*n - 2*r = -24, -r = 2. Let x = n + 6. Does 12 divide x?
False
Suppose 0*n - 50 = -n. Suppose -3*x - n - 85 = 0. Does 5 divide ((-30)/9 + 3)*x?
True
Suppose 48 = -2*d - 6. Let o = -55 - d. Let a = 26 - o. Does 21 divide a?
False
Suppose w - l = 0, -w + 3*l + 10 = 4*w. Suppose -x = 5*s + 48, w*s + 2*x = 4*x - 39. Is ((-8)/(-3))/((-2)/s) a multiple of 6?
True
Let b(i) be the first derivative of 3 + 2*i - 1/2*i**2. Is b(-6) a multiple of 4?
True
Let d(b) = b**2 - 8*b + 1. Let u be d(8). Let p(z) = 1. Let j(a) = -8*a + 1. Let k(q) = u*j(q) - 3*p(q). Is k(-2) a multiple of 14?
True
Let t(q) = q**2 - 7*q + 8. Let y be t(6). Suppose 0 = y*a - 0*a - 130. Is a a multiple of 21?
False
Let b be 0 - (-4 - -55)/(-3). Suppose -79 + b = -2*q. Is 19 a factor of q?
False
Let f be 43/(-9) + (-2)/9. Let x(v) = v**3 + 7*v**2 + 6*v + 1. Let q be x(f). Is 6 a factor of 206/14 - (-6)/q?
False
Let t = 22 + -7. Does 10 divide t?
False
Let i(t) = 37*t + 4. Is i(2) a multiple of 19?
False
Suppose -2*k + 2 = 0, 2*k + 447 + 296 = 5*t. Suppose 0*m - t = -3*a - 4*m, 2*a - 91 = -m. Does 13 divide a?
False
Let f = -52 + 45. Suppose p + 3 = 1. Let s = p - f. Does 5 divide s?
True
Suppose 5*m + c - 13 = 0, 0*c - c - 2 = 0. Suppose 0*a + 4*s = m*a + 4, -3*s = -12. Suppose -4*k = 4*w - 68, -a*k = -5*w - 6*k + 94. Is 18 a factor of w?
False
Suppose 5*d + 0*c - 3 = 4*c, -7 = d + 3*c. Is d + 44/2 - 1 a multiple of 12?
False
Let f(m) = 4*m - 6. Let t = -12 + 5. Let k = t + 16. Is 10 a factor of f(k)?
True
Let a(y) = y**3 - 2*y**2 - 7*y. Let h be a(5). Suppose -q - 3*t + 25 = -4*t, 3*q + 4*t = h. Let k = q - 6. Is 11 a factor of k?
False
Let l(q) = -q**3 + q**2 + q + 32. Is l(0) even?
True
Let d(s) = s**3 + 8*s**2 + 2*s + 2. Let j be d(-8). Does 19 divide (10/(-4))/(1/j)?
False
Suppose i + 40 = -5*n - 0*i, 24 = -3*n + 2*i. Let x(o) = -o - 6. Let p be x(n). Let f = 9 + p. Is f a multiple of 11?
True
Let p(o) = 1 - 2 + 5 + o + 4*o - 2*o**2 - o**3. Let t be p(-3). Does 8 divide 4/(3/(-12)*t)?
True
Suppose -3*o + 8 = b, 10 = -b + 2*b + 2*o. Suppose 0 = -4*h + 34 - b. Suppose v + l - 12 = 0, 4*v - h*l + 0 - 12 = 0. Is v a multiple of 4?
True
Let t = 5 + 0. Suppose t*w = 4*c - 73, -3*c + 7 = -2*w - 39. Is c a multiple of 6?
True
Suppose -q + 72 = q. Suppose q = 6*m - 2*m. Does 9 divide m?
True
Let y be (-63)/(-1 - (-4)/6). Let x = y + -93. Is x a multiple of 32?
True
Suppose -5*g - 3 + 8 = 0. Let w be g/((1 + 2)/213). Suppose 3*i + c + 3*c - 51 = 0, -5*i - 2*c = -w. Is 6 a factor of i?
False
Suppose -t = -2*b - 2*t + 235, -353 = -3*b - 2*t. Is 6 a factor of b?
False
Let o = 54 + -15. Does 9 divide o?
False
Let m = -16 - -6. Does 9 divide ((-81)/15)/(2/m)?
True
Suppose -3*q + 356 = 2*x, 4*q + 5*x - 308 - 176 = 0. Is 39 a factor of q?
False
Let f(z) = 25*z**2 + z. Does 19 divide f(2)?
False
Let r(f) = -8*f + 2. Let z be r(-5). Let a be 1/(-2 - -3) - z. Let s = a + 60. Is s a multiple of 12?
False
Suppose -3*t = 191 + 37. Let g = t + 111. Is 20 a factor of g?
False
Suppose 13*k - 18*k + 35 = 0. Let w(a) = -7*a**2 + 0*a**3 - 8 + a**3 + 0*a**3 + 2*a. Is 3 a factor of w(k)?
True
Let b = -10 + 61. Is b a multiple of 17?
True
Does 25 divide -12*((-37)/4 - (-15)/5)?
True
Let s = -45 - -67. Suppose -h = -3*g - s, 4*h + 5*g - 1 = 2. Is 5 a factor of h?
False
Suppose 3*v - 3 = 0, 4*h - v = v + 222. Is h a multiple of 17?
False
Does 33 divide (702/4)/(3 + 10/(-4))?
False
Let q(z) = z**2 + z + 4. Is q(-5) a multiple of 12?
True
Suppose 4*y - 4*d = -0*d, 4*y - 24 = -2*d. Suppose -k + 83 = k + 3*j, y*j = 3*k - 116. Is 23 a factor of k?
False
Let y be (-4)/(-6) + 4/(-6). Suppose -4*q - 2*l - 3*l + 27 = 0, -5*q + 5*l = 0. Suppose 9 = q*s - y. Is s even?
False
Suppose 0 = -4*k + 24 - 4. Does 2 divide k?
False
Is 2 + (-1 - (-1 + -1)) + 137 a multiple of 35?
True
Let c be -10 + -3 + 0 - 2. Does 7 divide 142/4 - c/(-30)?
True
Let q be (-8)/(-20) - (-2)/(-5). Suppose q = a + 3, -6*a + 207 = 3*i - a. Is i a multiple of 19?
False
Let p(a) = -2*a**3 - 3*a**2 - 6*a - 5. Does 36 divide p(-3)?
False
Let g be 4/(-14) - 486/14. Let d = -161 + 109. Let p = g - d. Does 17 divide p?
True
Let o = -14 + 42. Is 3 a factor of (0 - 0) + o/2?
False
Let i be 0*1/(2/1). Suppose i = -4*l - 4, -4*x + 2 = l + l. Let z = 24 - x. Does 13 divide z?
False
Is 17 a factor of (-2 - 1)*(-44)/6?
False
Let s be (2/4)/((-1)/(-22)). Suppose 2*g - s = 7. Is g a multiple of 9?
True
Is (-27)/81 - ((-43)/3 + 0) 